{"id":1119,"date":"2024-04-15T20:08:39","date_gmt":"2024-04-15T18:08:39","guid":{"rendered":"http:\/\/gelstedvand.dk\/?page_id=1119"},"modified":"2024-04-15T20:08:39","modified_gmt":"2024-04-15T18:08:39","slug":"forsyningsomraader","status":"publish","type":"page","link":"http:\/\/gelstedvand.dk\/?page_id=1119","title":{"rendered":"Forsyningsomr\u00e5der"},"content":{"rendered":"\n<figure class=\"wp-block-table\"><table><tbody><tr><td><a href=\"http:\/\/gelstedvand.dk\/wp-content\/uploads\/2024\/04\/Gelsted_Syd.png\" target=\"_blank\" rel=\"noreferrer noopener\">Gelsted S.<\/a><br>&#8211; fra jernbanen til rundk\u00f8rsel<br>&#8211; Birkeh\u00f8jvej<br>&#8211; Gelstedbyvej<br>&#8211; Gl. Odensevej 4-10<br>&#8211; Gr\u00f8nnegade 1-9<br>&#8211; Rolundvej 13-17<\/td><td><a href=\"http:\/\/gelstedvand.dk\/wp-content\/uploads\/2024\/04\/gelsted_N.png\" target=\"_blank\" rel=\"noreferrer noopener\">Gelsted N.<\/a><br>&#8211; Nord for jernbanen<br>&#8211; H\u00f8nnerup<br>&#8211; Kingstrup<br>&#8211; T\u00e5rup Udlod nord for banen<\/td><\/tr><tr><td><a href=\"http:\/\/gelstedvand.dk\/wp-content\/uploads\/2024\/04\/lunghoej.png\" target=\"_blank\" rel=\"noreferrer noopener\">Lungh\u00f8j<\/a><br>&#8211; fra rundk\u00f8rsel ud af S\u00f8ndergade<br>&#8211; M\u00f8llevej 1-26<br>&#8211; M\u00f8lletoften<br>&#8211; Gelsted Mose<br>&#8211; T\u00e5rup Udlod syd for banen<\/td><td><a href=\"http:\/\/gelstedvand.dk\/wp-content\/uploads\/2024\/04\/hylkedamvej.png\" target=\"_blank\" rel=\"noreferrer noopener\">Hylkedamvej.<\/a><br>&#8211; Langs Hylkedamvej<br>&#8211; \u00d8rslev omr\u00e5det<\/td><\/tr><\/tbody><\/table><\/figure>\n","protected":false},"excerpt":{"rendered":"<p>Gelsted S.&#8211; fra jernbanen til rundk\u00f8rsel&#8211; Birkeh\u00f8jvej&#8211; Gelstedbyvej&#8211; Gl. Odensevej 4-10&#8211; Gr\u00f8nnegade 1-9&#8211; Rolundvej 13-17 Gelsted N.&#8211; Nord for jernbanen&#8211; H\u00f8nnerup&#8211; Kingstrup&#8211; T\u00e5rup Udlod nord for banen Lungh\u00f8j&#8211; fra rundk\u00f8rsel ud af S\u00f8ndergade&#8211; M\u00f8llevej 1-26&#8211; M\u00f8lletoften&#8211; Gelsted Mose&#8211; T\u00e5rup Udlod <a class=\"more-link\" href=\"http:\/\/gelstedvand.dk\/?page_id=1119\">Forts\u00e6t l\u00e6sning  <span class=\"screen-reader-text\">  Forsyningsomr\u00e5der<\/span><span class=\"meta-nav\">&rarr;<\/span><\/a><\/p>\n","protected":false},"author":1,"featured_media":0,"parent":0,"menu_order":0,"comment_status":"closed","ping_status":"closed","template":"","meta":{"footnotes":""},"class_list":["post-1119","page","type-page","status-publish","hentry"],"_links":{"self":[{"href":"http:\/\/gelstedvand.dk\/index.php?rest_route=\/wp\/v2\/pages\/1119","targetHints":{"allow":["GET"]}}],"collection":[{"href":"http:\/\/gelstedvand.dk\/index.php?rest_route=\/wp\/v2\/pages"}],"about":[{"href":"http:\/\/gelstedvand.dk\/index.php?rest_route=\/wp\/v2\/types\/page"}],"author":[{"embeddable":true,"href":"http:\/\/gelstedvand.dk\/index.php?rest_route=\/wp\/v2\/users\/1"}],"replies":[{"embeddable":true,"href":"http:\/\/gelstedvand.dk\/index.php?rest_route=%2Fwp%2Fv2%2Fcomments&post=1119"}],"version-history":[{"count":1,"href":"http:\/\/gelstedvand.dk\/index.php?rest_route=\/wp\/v2\/pages\/1119\/revisions"}],"predecessor-version":[{"id":1120,"href":"http:\/\/gelstedvand.dk\/index.php?rest_route=\/wp\/v2\/pages\/1119\/revisions\/1120"}],"wp:attachment":[{"href":"http:\/\/gelstedvand.dk\/index.php?rest_route=%2Fwp%2Fv2%2Fmedia&parent=1119"}],"curies":[{"name":"wp","href":"https:\/\/api.w.org\/{rel}","templated":true}]}}