{"id":95,"date":"2017-07-03T22:17:27","date_gmt":"2017-07-03T20:17:27","guid":{"rendered":"http:\/\/gelstedvand.dk\/?page_id=95"},"modified":"2019-05-30T18:47:48","modified_gmt":"2019-05-30T16:47:48","slug":"vandmaalere","status":"publish","type":"page","link":"http:\/\/gelstedvand.dk\/?page_id=95","title":{"rendered":"Vandm\u00e5lere"},"content":{"rendered":"<p>Vandforbruget i hver enkelt ejendom skal m\u00e5les og afregnes. Vandv\u00e6rket afl\u00e6sser selv vandm\u00e5leren, det sker via en fjern afl\u00e6sning, hvor vi k\u00f8rer forbi i en bil, den 31\/12.<\/p>\n<p><img loading=\"lazy\" decoding=\"async\" class=\"alignnone size-thumbnail wp-image-412 aligncenter\" src=\"http:\/\/gelstedvand.dk\/wp-content\/uploads\/2019\/05\/ready-150x150.png\" alt=\"\" width=\"150\" height=\"150\" srcset=\"http:\/\/gelstedvand.dk\/wp-content\/uploads\/2019\/05\/ready-150x150.png 150w, http:\/\/gelstedvand.dk\/wp-content\/uploads\/2019\/05\/ready.png 335w\" sizes=\"auto, (max-width: 150px) 100vw, 150px\" \/><\/p>\n<p>Vandv\u00e6rket ops\u00e6tter derfor vandm\u00e5lere i forbindelse med alle ejendomme. Vandm\u00e5leren kan v\u00e6re placeret umiddelbart lige ved vandledningens indf\u00f8ring i ejendommen eller i en m\u00e5lerbr\u00f8nd ved skel. Vandv\u00e6rket ejer vandm\u00e5lerne og har til enhver tid ret til at udskifte og checke vandm\u00e5leren.<\/p>\n<p>Det er vigtigt, at vandm\u00e5lere er opsat korrekt, s\u00e5 der kan udf\u00f8res reparationer og afl\u00e6sninger. Der skal v\u00e6re fri adgang til m\u00e5leren. Hvis denne er monteret i bygning, skal det p\u00e5ses at ops\u00e6tning af skabe og andre m\u00f8bler omkring vandm\u00e5leren ikke hindrer adgangen til vandm\u00e5leren. Det er grundejeres ansvar at s\u00f8rge for at installationerne kan t\u00e5le udskiftning af vandm\u00e5ler.<\/p>\n<p><b>Udskiftning af vandm\u00e5ler<\/b><\/p>\n<p>I henhold til nye regler m\u00e5 vandm\u00e5lere, som benyttes til afregning af vandforbrug, ikke v\u00e6re over 6 \u00e5r gamle, med mindre det ved stikpr\u00f8vekontrol er p\u00e5vist, at m\u00e5lerne stadig er pr\u00e6cise. De vandm\u00e5lere, som udtages til stikpr\u00f8vekontrol, sendes til afpr\u00f8vning p\u00e5 et akkrediteret laboratorium. Viser afpr\u00f8vningen, at en vis procentdel af de udtagne m\u00e5lere ikke l\u00e6ngere kan leve op til kravene for n\u00f8jagtighed, skal alle vandm\u00e5lere af samme type udskiftes inden for en fastsat tidsfrist.<\/p>\n<p>Vandinstallationer skal kunne t\u00e5le m\u00e5lerudskiftning Vandinstallationer i alle ejendomme skal kunne t\u00e5le, at vandm\u00e5leren udskiftes. Der m\u00e5 ikke installeres afkalkere eller lignende p\u00e5 vandr\u00f8ret 30 cm f\u00f8r og efter vandm\u00e5leren. Kan vandinstallationerne ikke t\u00e5le en m\u00e5lerudskiftning, f.eks. p\u00e5 grund af sk\u00f8re\/rustne vandr\u00f8r, skal ejendommens ejer selv s\u00f8rge for, at vandinstallationerne bringes i orden og selv betale omkostningerne hertil.<\/p>\n<p>Check hanen f\u00f8r m\u00e5leren Den hane\/ventil, der er placeret f\u00f8r vandm\u00e5leren, skal fungere, s\u00e5 der kan lukkes for vandet i forbindelse med udskiftning af vandm\u00e5ler. Kan ventilen\/hanen ikke lukkes, b\u00f8r tilkaldes en VVS-tekniker, s\u00e5 ventilen virker, f\u00f8r der laves aftaler med vandv\u00e6rket om m\u00e5lerudskiftninger. Vandv\u00e6rket har ikke ansvar for r\u00f8rinstallationer i ejendomme eller i m\u00e5lerbr\u00f8nde, og m\u00e5 derfor ikke reparere s\u00e5danne ventiler.<\/p>\n<p>Hvis vandm\u00e5leren er placeret i m\u00e5lerbr\u00f8nd findes den normalt p\u00e5 forbrugerens ejendom, normalt ca. 1 m fra skellet mod vej. Hvis m\u00e5lerbr\u00f8nden er afl\u00e5st, skal forbrugeren s\u00f8rge for fri adgang til m\u00e5leren i den periode, hvor m\u00e5leren afl\u00e6ses.<\/p>\n<p>Hvis m\u00e5leren er placeret i bygning, er det vigtigt, at der kan udf\u00f8res reparationer og afl\u00e6sninger. V\u00e6r opm\u00e6rksom p\u00e5 at ops\u00e6tning af skabe og andre m\u00f8bler omkring vandm\u00e5leren ikke er hensigtsm\u00e6ssigt, da det kan hindre adgangen til denne.<\/p>\n<p>Ved ops\u00e6tning og reparation af vandm\u00e5lere skal det v\u00e6re muligt for vandv\u00e6rkets ansatte at kunne man\u00f8vre rundt og anvende v\u00e6rkt\u00f8j. Der m\u00e5 s\u00e5ledes ikke ops\u00e6ttes m\u00f8bler, tanke eller andet som hindrer fri adgang til m\u00e5leren.<\/p>\n<p>Allerede etablerede vandm\u00e5lere kan dog undtages for disse regler. Det er til enhver tid vandv\u00e6rket som kan afg\u00f8re, hvorvidt en vandm\u00e5ler sidder korrekt. I tvivlstilf\u00e6lde kan sp\u00f8rgsm\u00e5l vedr\u00f8rende tilg\u00e6ngeligheden rettes til vandv\u00e6rkets forretningsf\u00f8rer.<\/p>\n<p><b>Afl\u00e6sning af vandm\u00e5ler<\/b><\/p>\n<p>I forbindelse med vandm\u00e5lerskift bliver alle vandm\u00e5lere udskiftet til en model hvor vandv\u00e6rket har mulighed for fjernafl\u00e6sning, hvilket betyder at, du ikke l\u00e6ngere skal indsende m\u00e5ler afl\u00e6snings kort \u00e5rligt. Vandv\u00e6rket vil l\u00f8bende k\u00f8re rundt og lave m\u00e5lerafl\u00e6sninger. Men uanset vandv\u00e6rket k\u00f8rer rundt og laver en afl\u00e6sning af vandm\u00e5leren, er der altid forbrugeren der har ansvaret for vandforbruget og der er stadig mulighed for at forbrugeren selv kan lave en afl\u00e6sning af vandm\u00e5leren, hvilket ogs\u00e5 vil v\u00e6re den bedste m\u00e5de at tjekke sit vandforbrug p\u00e5.<\/p>\n","protected":false},"excerpt":{"rendered":"<p>Vandforbruget i hver enkelt ejendom skal m\u00e5les og afregnes. Vandv\u00e6rket afl\u00e6sser selv vandm\u00e5leren, det sker via en fjern afl\u00e6sning, hvor vi k\u00f8rer forbi i en bil, den 31\/12. Vandv\u00e6rket ops\u00e6tter derfor vandm\u00e5lere i forbindelse med alle ejendomme. Vandm\u00e5leren kan v\u00e6re <a class=\"more-link\" href=\"http:\/\/gelstedvand.dk\/?page_id=95\">Forts\u00e6t l\u00e6sning  <span class=\"screen-reader-text\">  Vandm\u00e5lere<\/span><span class=\"meta-nav\">&rarr;<\/span><\/a><\/p>\n","protected":false},"author":1,"featured_media":0,"parent":0,"menu_order":0,"comment_status":"closed","ping_status":"closed","template":"","meta":{"footnotes":""},"class_list":["post-95","page","type-page","status-publish","hentry"],"_links":{"self":[{"href":"http:\/\/gelstedvand.dk\/index.php?rest_route=\/wp\/v2\/pages\/95","targetHints":{"allow":["GET"]}}],"collection":[{"href":"http:\/\/gelstedvand.dk\/index.php?rest_route=\/wp\/v2\/pages"}],"about":[{"href":"http:\/\/gelstedvand.dk\/index.php?rest_route=\/wp\/v2\/types\/page"}],"author":[{"embeddable":true,"href":"http:\/\/gelstedvand.dk\/index.php?rest_route=\/wp\/v2\/users\/1"}],"replies":[{"embeddable":true,"href":"http:\/\/gelstedvand.dk\/index.php?rest_route=%2Fwp%2Fv2%2Fcomments&post=95"}],"version-history":[{"count":5,"href":"http:\/\/gelstedvand.dk\/index.php?rest_route=\/wp\/v2\/pages\/95\/revisions"}],"predecessor-version":[{"id":413,"href":"http:\/\/gelstedvand.dk\/index.php?rest_route=\/wp\/v2\/pages\/95\/revisions\/413"}],"wp:attachment":[{"href":"http:\/\/gelstedvand.dk\/index.php?rest_route=%2Fwp%2Fv2%2Fmedia&parent=95"}],"curies":[{"name":"wp","href":"https:\/\/api.w.org\/{rel}","templated":true}]}}