{"id":98,"date":"2017-07-03T22:22:41","date_gmt":"2017-07-03T20:22:41","guid":{"rendered":"http:\/\/gelstedvand.dk\/?page_id=98"},"modified":"2018-09-04T21:13:25","modified_gmt":"2018-09-04T19:13:25","slug":"multical-21","status":"publish","type":"page","link":"https:\/\/gelstedvand.dk\/?page_id=98","title":{"rendered":"Multical 21"},"content":{"rendered":"<p>Din nye vandm\u00e5ler er en Multical21\u00a0fra Kamstrup, hvor du let og tydeligt kan afl\u00e6se din m\u00e5ler som s\u00e6dvanlig, men hvor ogs\u00e5 vandv\u00e6rket har en mulighed for fjernafl\u00e6sning.<\/p>\n<p><img loading=\"lazy\" decoding=\"async\" class=\"alignnone wp-image-318\" src=\"http:\/\/gelstedvand.dk\/wp-content\/uploads\/2018\/09\/multical21-300x300.jpg\" alt=\"\" width=\"129\" height=\"129\" srcset=\"https:\/\/gelstedvand.dk\/wp-content\/uploads\/2018\/09\/multical21-300x300.jpg 300w, https:\/\/gelstedvand.dk\/wp-content\/uploads\/2018\/09\/multical21-150x150.jpg 150w, https:\/\/gelstedvand.dk\/wp-content\/uploads\/2018\/09\/multical21.jpg 310w\" sizes=\"auto, (max-width: 129px) 100vw, 129px\" \/><\/p>\n<p>Se mere om Multical21\u00a0<a href=\"https:\/\/www.kamstrup.com\/da-dk\/produkter-loesninger\/vandmaalere\/husholdningsvandmaalere\" target=\"_blank\" rel=\"noopener\">brugervejledning findes her,<\/a>\u00a0info om fejlkoder\u00a0<a href=\"http:\/\/gelstedvand.dk\/wp-content\/uploads\/2017\/12\/MULTICAL\u00ae-21-User-Guide-Dansk.pdf\">MULTICAL\u00ae 21<\/a><\/p>\n<a href=\"https:\/\/gelstedvand.dk\/wp-content\/uploads\/2017\/12\/MULTICAL\u00ae-21-User-Guide-Dansk.pdf\" class=\"pdfemb-viewer\" style=\"\" data-width=\"max\" data-height=\"max\" data-toolbar=\"bottom\" data-toolbar-fixed=\"off\">MULTICAL\u00ae 21<\/a>\n","protected":false},"excerpt":{"rendered":"<p>Din nye vandm\u00e5ler er en Multical21\u00a0fra Kamstrup, hvor du let og tydeligt kan afl\u00e6se din m\u00e5ler som s\u00e6dvanlig, men hvor ogs\u00e5 vandv\u00e6rket har en mulighed for fjernafl\u00e6sning. Se mere om Multical21\u00a0brugervejledning findes her,\u00a0info om fejlkoder\u00a0MULTICAL\u00ae 21<\/p>\n","protected":false},"author":1,"featured_media":0,"parent":0,"menu_order":0,"comment_status":"closed","ping_status":"closed","template":"","meta":{"footnotes":""},"class_list":["post-98","page","type-page","status-publish","hentry"],"_links":{"self":[{"href":"https:\/\/gelstedvand.dk\/index.php?rest_route=\/wp\/v2\/pages\/98","targetHints":{"allow":["GET"]}}],"collection":[{"href":"https:\/\/gelstedvand.dk\/index.php?rest_route=\/wp\/v2\/pages"}],"about":[{"href":"https:\/\/gelstedvand.dk\/index.php?rest_route=\/wp\/v2\/types\/page"}],"author":[{"embeddable":true,"href":"https:\/\/gelstedvand.dk\/index.php?rest_route=\/wp\/v2\/users\/1"}],"replies":[{"embeddable":true,"href":"https:\/\/gelstedvand.dk\/index.php?rest_route=%2Fwp%2Fv2%2Fcomments&post=98"}],"version-history":[{"count":6,"href":"https:\/\/gelstedvand.dk\/index.php?rest_route=\/wp\/v2\/pages\/98\/revisions"}],"predecessor-version":[{"id":321,"href":"https:\/\/gelstedvand.dk\/index.php?rest_route=\/wp\/v2\/pages\/98\/revisions\/321"}],"wp:attachment":[{"href":"https:\/\/gelstedvand.dk\/index.php?rest_route=%2Fwp%2Fv2%2Fmedia&parent=98"}],"curies":[{"name":"wp","href":"https:\/\/api.w.org\/{rel}","templated":true}]}}